{"id":4012,"date":"2023-04-12T17:46:48","date_gmt":"2023-04-12T17:46:48","guid":{"rendered":"https:\/\/www.uzulmez.site\/?page_id=4012"},"modified":"2026-02-04T15:23:54","modified_gmt":"2026-02-04T15:23:54","slug":"ozgecmis","status":"publish","type":"page","link":"https:\/\/www.uzulmez.site\/?page_id=4012","title":{"rendered":"\u00d6zge\u00e7mi\u015f"},"content":{"rendered":"\n<p>Yazar ve \u015fair. 1950\u2019de Diyarbak\u0131r\u2019\u0131n Ergani il\u00e7esinde do\u011fdu. Ergani \u0130nk\u0131l\u00e2p \u0130lkokulu (1963), Ergani Ortaokulu (1966), Ergani Lisesi (1969), Ankara Devlet M\u00fchendislik ve Mimarl\u0131k Y\u00fcksek Okulu Kimya M\u00fchendisli\u011fi B\u00f6l\u00fcm\u00fc (1977) mezunudur. 12 Mart 1970 Darbesi sonras\u0131nda Ankara\u2019da kurulan ilk \u00f6\u011frenci derneklerinden Ankara Devlet M\u00fchendislik ve Mimarl\u0131k Y\u00fcksek Okulu \u00d6\u011frenci Derne\u011fi\u2019nin 1973 y\u0131l\u0131nda kurucular\u0131 aras\u0131nda yer ald\u0131 ve iki d\u00f6nem y\u00f6netim kurulu \u00fcyesi olarak g\u00f6rev yapt\u0131. Okulunu bitirmesinin ard\u0131ndan 1977 y\u0131l\u0131nda Diyarbak\u0131r Belediyesi Temizlik \u0130\u015fleri\u2019nde m\u00fcd\u00fcr vekilli\u011fi, 1978-79\u2019da Diyarbak\u0131r Tekel \u0130\u00e7ki (Rak\u0131) Fabrikas\u0131\u2019nda k\u0131s\u0131m \u015fefli\u011fi yapt\u0131. Ard\u0131ndan D\u0130SK\u2019e ba\u011fl\u0131 BAYSEN Sendikas\u0131nda Do\u011fu ve G\u00fcneydo\u011fu B\u00f6lge Organizat\u00f6r\u00fc olarak \u00e7al\u0131\u015ft\u0131.<\/p>\n\n\n\n<p>12 Eyl\u00fcl sonras\u0131, 1982&#8217;de T\u00fcrkiye Kom\u00fcnist Partisi davas\u0131ndan \u0130stanbul\u2019da g\u00f6zalt\u0131na al\u0131nd\u0131 ve Diyarbak\u0131r\u2019da tutukland\u0131. 1982-1984 y\u0131llar\u0131 aras\u0131nda Diyarbak\u0131r 5 No\u2019lu Askeri Cezaevi\u2019nde tutuklu kald\u0131. Diyarbak\u0131r S\u0131k\u0131y\u00f6netim Komutanl\u0131\u011f\u0131 (I) Numaral\u0131 Askeri Mahkemesi\u2019nde yarg\u0131lan\u0131p 5 y\u0131l ceza ald\u0131. Yarg\u0131tay taraf\u0131ndan cezas\u0131 az bulunup 6 y\u0131l 8 ay olmas\u0131 istendi. Yarg\u0131 s\u00fcreci devam ederken T\u00fcrk Ceza Kanunu\u2019nda yer alan 141-142 ve 163. maddelerin kald\u0131r\u0131lmas\u0131 sonucu dava dosyas\u0131 d\u00fc\u015ft\u00fc.<\/p>\n\n\n\n<p>Diyarbak\u0131r 5 Nolu Cezaevi\u2019nden \u00e7\u0131kt\u0131ktan sonra, \u0130stanbul\u2019da \u00f6zel sekt\u00f6re ait \u00e7e\u015fitli i\u015fyerlerinde m\u00fchendis ve teknik eleman olarak \u00e7al\u0131\u015ft\u0131; zaman zaman da i\u015f\u00e7ilik, pazarc\u0131l\u0131k yapmak zorunda kald\u0131.<\/p>\n\n\n\n<p>\u00dcz\u00fclmez, 1990 y\u0131l\u0131nda memur olarak girdi\u011fi \u0130stanbul B\u00fcy\u00fck\u015fehir Belediye Ba\u015fkanl\u0131\u011f\u0131 \u00c7evre Koruma ve Kontrol M\u00fcd\u00fcrl\u00fc\u011f\u00fc\u2019nden 2010 y\u0131l\u0131nda emekli oldu. Ya\u015fam\u0131n\u0131 ve \u00e7al\u0131\u015fmalar\u0131n\u0131 \u0130stanbul\u2019da s\u00fcrd\u00fcrmektedir. Kitap \u00e7al\u0131\u015fmalar\u0131n\u0131n yan\u0131 s\u0131ra \u00e7e\u015fitli gazete, dergi ve sitelerde yaz\u0131lar yazmaya devam etmektedir. Evli ve iki \u00e7ocuk babas\u0131d\u0131r.<\/p>\n\n\n\n<p>Ara\u015ft\u0131rmalar\u0131yla tan\u0131nan, ayn\u0131 zamanda iyi bir foto\u011fraf ve belge ar\u015fivi bulunan M\u00fcsl\u00fcm \u00dcz\u00fclmez\u2019in bilim, k\u00fclt\u00fcr, sanat, sosyal, siyasal, \u00e7evre ve tarih konular\u0131nda \u00e7e\u015fitli yaz\u0131lar\u0131: <em>M\u00fchendislik Mimarl\u0131kta ve Planlamada \u00d6L\u00c7\u00dc<\/em>, <em>Metal D\u00fcnyas\u0131<\/em>, <em>Kimya M\u00fchendisli\u011fi<\/em>, <em>Kimya M\u00fchendisleri Odas\u0131 \u0130stanbul \u015eubesi\u2019nin Yay\u0131n\u0131 B\u00dcLTEN<\/em>, Y<em>ol ve Ama\u00e7<\/em>, <em>Bilim ve Gelecek<\/em>, <em>Berfin Bahar<\/em>, <em>Arkeoloji ve Sanat<\/em>, <em>Yeni \u00c7aba<\/em>, <em>I\u015f\u0131\u011f\u0131n Kayna\u011f\u0131<\/em> dergilerinde ve <em>At\u0131l\u0131m<\/em>, <em>Politika<\/em>, <em>\u0130stanbul Ticaret<\/em>, <em>Evrensel<\/em>, <em>Milat<\/em>, <em>Yeni Yurt<\/em>, <em>\u00d6zg\u00fcr Haber<\/em>, <em>Tigris Haber<\/em>, <em>Ergani Haber<\/em>, <em>Ergani S\u00f6z<\/em>, <em>Ergani Postas\u0131<\/em>, <em>\u00c7ermik<\/em>, <em>Dicle<\/em> gazetelerinde, ayr\u0131ca \u00e7e\u015fitli web sitelerinde yay\u0131nland\u0131. T\u00fcrkiye\u2019de de\u011fi\u015fik yerlerde d\u00fczenlenen seminer, konferans, sempozyum, toplant\u0131 ve \u00e7al\u0131\u015fmalara e\u011fitmen veya konu\u015fmac\u0131 olarak kat\u0131ld\u0131.<\/p>\n\n\n\n<p>M\u00fcsl\u00fcm \u00dcz\u00fclmez \u015fu ana kadar yirmi iki kitaba imza atm\u0131\u015ft\u0131r.<\/p>\n\n\n\n<p>Yay\u0131nlanm\u0131\u015f kitaplar\u0131:<\/p>\n\n\n\n<p>ANI<br>Yolda\u015f Ko\u00e7ero, T\u00dcSTAV-Sar\u0131 Defter Yay\u0131nlar\u0131, \u0130stanbul 2011.<\/p>\n\n\n\n<p>ARA\u015eTIRMA<br>\u00c7ay\u00f6n\u00fc&#8217;nden Ergani\u2019ye: Uzun bir y\u00fcr\u00fcy\u00fc\u015f, Kendi Yay\u0131n\u0131, \u0130stanbul, 2005.<br>On Bin Y\u0131ll\u0131k Tarihin Tan\u0131\u011f\u0131 H\u0130LAR, Arkeoloji ve Sanat Yay\u0131nlar\u0131, \u0130stanbul, 2009.<br>Makam, Makam \u00c7i\u00e7e\u011fi ve B\u00fclb\u00fcl, Titiz Yay\u0131nlar\u0131, \u0130stanbul, 2010.<br>Bir Uzun Y\u00fcr\u00fcy\u00fc\u015ft\u00fcr Ya\u015famak, Titiz Yay\u0131nlar\u0131, \u0130stanbul, 2010.<br>Yaz\u0131l\u0131 Kaynaklarda \u00c7ermik, Kent I\u015f\u0131klar\u0131, \u0130stanbul, 2012.<br>Ergani Tarihinin Sakl\u0131 Sayfas\u0131 Ermeniler, \u0130smail Be\u015fikci Vakf\u0131 Yay\u0131nlar\u0131, \u0130stanbul, 2016.<br>D\u00fcnyan\u0131n Haritas\u0131 Yeniden \u00c7izilirken, Asmaalt\u0131 Yay\u0131nevi, \u0130stanbul, 2016.<br>St. Petersburg \u0130zlenimleri ve Dicle Vakitli Gecelerde Yaz\u0131lanlar, Asmaalt\u0131 Yay\u0131nevi, \u0130stanbul, 2017.<br>Kavas Mehmed ve Sofibekirler (Birlikte\u2026), Kendi Yay\u0131n\u0131, \u0130stanbul, 2022.<br>Bilim, Teknoloji ve Gelecek, Baraka Kitap Yay\u0131nc\u0131l\u0131k, Ayval\u0131k\/ Bal\u0131kesir, 2025.<br>On Bin Y\u0131ll\u0131k Tarihin Tan\u0131\u011f\u0131 H\u0130LAR, 2. Bask\u0131, Pay\u00eez Yay\u0131nlar\u0131, Diyarbak\u0131r, 2025.<\/p>\n\n\n\n<p>\u015e\u0130\u0130R<br>Doludizgin Ya\u015famak, Kendi Yay\u0131n\u0131, \u0130stanbul, 1994.<br>Gelincik Yurdunda Bahar, Kendi Yay\u0131n\u0131, \u0130stanbul, 1996.<br>Hazinenin Anahtar\u0131 &#8211; M\u00fcsl\u00fcm \u00dcz\u00fclmez\/Cuma \u00dcz\u00fclmez, Kendi Yay\u0131n\u0131, \u0130stanbul, 1999.<br>Gecenin Isl\u0131\u011f\u0131, Kendi Yay\u0131n\u0131, \u0130stanbul, 2002.<\/p>\n\n\n\n<p>M\u0130ZAH<br>Ben B\u00f6lmeden Geldim Komutan\u0131m, Eko Yay\u0131nlar\u0131, \u0130stanbul, 1999.<\/p>\n\n\n\n<p>MESLEK\u0130<br>Ate\u015f\u00e7i ve Kalorifercinin El Kitab\u0131, Kendi Yay\u0131n\u0131, \u0130stanbul, 1991.<br>Temel \u00c7evre Politikalar\u0131 ve Yasal D\u00fczenlemeler, Kendi Yay\u0131n\u0131, \u0130stanbul, 1993.<br>D\u00f6k\u00fcm Sanayi ve \u00c7evre, Kendi Yay\u0131n\u0131, \u0130stanbul, 1993.<br>Motorlu Ta\u015f\u0131t S\u00fcr\u00fcc\u00fcleri \u0130\u00e7in \u00c7evre El Kitab\u0131, Kendi Yay\u0131n\u0131, \u0130stanbul, 1995.<br>Kalorifer Kazan\u0131 Yakma K\u0131lavuzu, Kendi Yay\u0131n\u0131, \u0130stanbul, 1997.<\/p>\n","protected":false},"excerpt":{"rendered":"<p>Yazar ve \u015fair. 1950\u2019de Diyarbak\u0131r\u2019\u0131n Ergani il\u00e7esinde do\u011fdu. Ergani \u0130nk\u0131l\u00e2p \u0130lkokulu (1963), Ergani Ortaokulu (1966), Ergani Lisesi (1969), Ankara Devlet M\u00fchendislik ve Mimarl\u0131k Y\u00fcksek Okulu Kimya M\u00fchendisli\u011fi B\u00f6l\u00fcm\u00fc (1977) mezunudur. 12 Mart 1970 Darbesi sonras\u0131nda Ankara\u2019da kurulan ilk \u00f6\u011frenci derneklerinden Ankara Devlet M\u00fchendislik ve Mimarl\u0131k Y\u00fcksek Okulu \u00d6\u011frenci Derne\u011fi\u2019nin 1973 y\u0131l\u0131nda kurucular\u0131 aras\u0131nda yer ald\u0131 ve iki d\u00f6nem y\u00f6netim kurulu \u00fcyesi olarak g\u00f6rev yapt\u0131. Okulunu bitirmesinin ard\u0131ndan 1977 y\u0131l\u0131nda Diyarbak\u0131r Belediyesi Temizlik \u0130\u015fleri\u2019nde m\u00fcd\u00fcr vekilli\u011fi, 1978-79\u2019da Diyarbak\u0131r Tekel \u0130\u00e7ki (Rak\u0131) Fabrikas\u0131\u2019nda k\u0131s\u0131m \u015fefli\u011fi yapt\u0131. Ard\u0131ndan D\u0130SK\u2019e ba\u011fl\u0131 BAYSEN Sendikas\u0131nda Do\u011fu ve G\u00fcneydo\u011fu B\u00f6lge Organizat\u00f6r\u00fc olarak \u00e7al\u0131\u015ft\u0131. 12 Eyl\u00fcl sonras\u0131, 1982&#8217;de<\/p>\n","protected":false},"author":1,"featured_media":0,"parent":0,"menu_order":0,"comment_status":"closed","ping_status":"closed","template":"","meta":{"footnotes":""},"class_list":["post-4012","page","type-page","status-publish","hentry"],"_links":{"self":[{"href":"https:\/\/www.uzulmez.site\/index.php?rest_route=\/wp\/v2\/pages\/4012","targetHints":{"allow":["GET"]}}],"collection":[{"href":"https:\/\/www.uzulmez.site\/index.php?rest_route=\/wp\/v2\/pages"}],"about":[{"href":"https:\/\/www.uzulmez.site\/index.php?rest_route=\/wp\/v2\/types\/page"}],"author":[{"embeddable":true,"href":"https:\/\/www.uzulmez.site\/index.php?rest_route=\/wp\/v2\/users\/1"}],"replies":[{"embeddable":true,"href":"https:\/\/www.uzulmez.site\/index.php?rest_route=%2Fwp%2Fv2%2Fcomments&post=4012"}],"version-history":[{"count":17,"href":"https:\/\/www.uzulmez.site\/index.php?rest_route=\/wp\/v2\/pages\/4012\/revisions"}],"predecessor-version":[{"id":8285,"href":"https:\/\/www.uzulmez.site\/index.php?rest_route=\/wp\/v2\/pages\/4012\/revisions\/8285"}],"wp:attachment":[{"href":"https:\/\/www.uzulmez.site\/index.php?rest_route=%2Fwp%2Fv2%2Fmedia&parent=4012"}],"curies":[{"name":"wp","href":"https:\/\/api.w.org\/{rel}","templated":true}]}}